e o?
True
Let i = -3 + 6. Let j(h) = 4*h**3 - 5*h - 4*h**3 - h**i + 5 - 4*h**2 + 6*h. Is j(-5) a multiple of 15?
False
Suppose 3*c - 4*c - 30 = 0. Suppose -3*d = -2*h + 32, h + 5*d = -14 + 4. Let s = h - c. Does 15 divide s?
False
Let d(t) = t**3 - 9*t**2 + t - 8. Let c be d(9). Is 18 a factor of (-14 - -108)/(c - -1)?
False
Let t(r) = 3*r**2 - r + 1. Let b be t(1). Suppose -b*f + 5*l = -27, 8*f - 3*f + l - 17 = 0. Suppose 5*c - 112 = x - f*x, -5 = 5*x. Is c a multiple of 17?
False
Suppose -13*s - 40 = -18*s. Is 2 a factor of s?
True
Let n(l) = -2*l**2 - l + 1. Let v be n(-4). Let k = -9 - v. Does 18 divide k?
True
Let r(y) = -y**3 - 8*y**2 + 2. Let o be r(-8). Suppose -2*k = -o*a - 0*a + 20, 3*a = -4*k - 5. Is a a multiple of 3?
False
Suppose -3*l + 428 = 143. Let w = l + -65. Is 14 a factor of w?
False
Let r = 109 + -66. Suppose -j - 4*t = 8, 0 = j + 3*j + t - r. Suppose -d = 2*k + j - 37, -2*d = 5*k - 52. Is 11 a factor of d?
False
Suppose -2*c + y + 2 = 0, c - y - 4*y + 17 = 0. Let r(h) = -3*h - 9. Let k be r(-8). Let n = k - c. Does 6 divide n?
True
Let x = 52 - 94. Does 5 divide (-164)/(-14) - 12/x?
False
Suppose 2*g - 229 = -4*n - g, -n + 5*g + 63 = 0. Let v = n + -7. Is v a multiple of 17?
True
Let z = 2 + -3. Let i(x) = -23*x**3 + x**2 - x - 1. Let a be i(z). Suppose -2*v = -3*v + a. Does 12 divide v?
True
Let r(b) = -26*b - 4. Let t(p) = -5*p - 1. Let v be 5/2*(-12)/(-10). Let u(o) = v*r(o) - 16*t(o). Does 6 divide u(6)?
False
Let v(b) = 5*b**3 + 2*b - 8. Let j(r) = 9*r**3 + r**2 + 4*r - 16. Let w(d) = 6*j(d) - 11*v(d). Is w(6) a multiple of 4?
True
Let w(s) = s**2 + 4*s + 7. Let v be w(-10). Let q = v - -18. Suppose -q = -4*d + 3*h, d - 6*h = -h + 17. Does 11 divide d?
True
Let q(y) = -2*y**2 - y + 2. Let x be q(-2). Let f = x + 4. Suppose -3*m - 84 = -4*k + 91, 4*m - 12 = f. Does 23 divide k?
True
Suppose 0 = a + 4 + 4. Let r = 11 + a. Suppose -r*s = 2*s - 120. Does 12 divide s?
True
Suppose -2*m = -8 + 2. Suppose m*x - 17 = -2. Is x a multiple of 4?
False
Let u(i) = -i**2 + 14*i - 6. Let q be u(6). Let r be -10*(3 + 120/(-25)). Suppose -3*y + q = -r. Does 10 divide y?
True
Suppose 3*b - 18 = 39. Does 9 divide b?
False
Suppose -4*u = -0*u - 20. Suppose t - u = 8. Does 4 divide t?
False
Let z be (-25 + 2)/(-2 - -1). Suppose -z + 173 = 5*l. Does 14 divide l?
False
Let f(x) = 17*x + 3. Let d be f(3). Is 12 a factor of (d/7)/(18/84)?
True
Let i(u) = -u**2 + 14*u - 3. Suppose 2*m - 61 = -5*j - 12, -m = -2*j + 16. Does 14 divide i(j)?
True
Let q = 171 - 57. Suppose q = -3*z + 4*z. Suppose -3*o + 30 = k - 3, -4*k - 3*o = -z. Does 11 divide k?
False
Let o(t) be the third derivative of t**6/120 + t**5/15 + 5*t**3/6 + 3*t**2. Let n be o(-4). Suppose n*c = c + 152. Is 19 a factor of c?
True
Suppose -5*y = -29 + 9. Is y a multiple of 4?
True
Let f = -17 + 19. Suppose 3*j - 96 = f*j. Does 32 divide j?
True
Let b be (-7)/14 + 10/4. Suppose t + 20 = n, -6*t + t = b*n - 26. Is n a multiple of 9?
True
Is -1*(-6)/(-4)*(-3 - 19) a multiple of 11?
True
Let c(k) = -k**2 + k + 2. Let l be c(2). Suppose -3*h + 99 + 27 = l. Is 14 a factor of h?
True
Let m(t) = 2*t**2 - 7*t - 2. Let g be m(5). Suppose 7*u + g = 8*u. Suppose u - 29 = -2*s. Is 4 a factor of s?
True
Let l be -1 + 4 + (-1 - 0). Suppose 4*o + 120 = l*v, 0 = -0*v - 3*v - 3*o + 225. Suppose 0 = 2*b, 0*b + v = 5*x + 2*b. Is 7 a factor of x?
True
Let v be ((-8)/(-7))/((-14)/(-49)). Is (v/3)/((-8)/(-204)) a multiple of 19?
False
Suppose 4*z + 435 = 5*m, -3*m + 30 + 231 = z. Does 20 divide m?
False
Suppose 0*r - 5*r + 4*i = -13, 10 = -5*i. Let z(v) = -2 + 2 + 9*v**2 + 1. Does 3 divide z(r)?
False
Let y be (-16)/24*(-9)/2. Does 5 divide (y - 4 - -1) + 5?
True
Let n be ((-2)/4)/((-2)/12). Let r(p) = 3*p**2 - 7*p - 2. Let s be r(6). Suppose -a = 4*j - s, 0 = -n*j - 2*j + 25. Does 19 divide a?
False
Let c(m) = 2*m**2 + 3*m + 1. Is 20 a factor of c(-6)?
False
Suppose q - 28 = 20. Suppose 0 = 5*y - 42 - q. Does 6 divide y?
True
Let k(z) = -z**2 + 6*z - 3. Let s be k(2). Suppose s*q + 3*c - 40 = -c, -40 = -5*q + 2*c. Is q a multiple of 3?
False
Let r(t) = 3*t**3 + t**2 - 3*t + 2. Let v be r(2). Suppose -v = 3*o - 4*o. Is 8 a factor of o?
True
Let k(l) = -l**3 + 10*l**2 - 9*l + 5. Let d be k(9). Suppose -d*u + 0*u = -60. Does 11 divide u?
False
Let s(u) = u**3 + 5*u**2 - 2*u - 3. Let y be s(-5). Suppose 4*c = 53 + y. Is c a multiple of 15?
True
Let o(q) = -q**2 + 10*q - 9. Let d(w) = -2*w. Let l be d(-2). Suppose -l*i - k + 16 + 14 = 0, 0 = -5*i + 2*k + 31. Does 6 divide o(i)?
True
Suppose -20 = 4*m, 0 = 5*t + m - 3 - 32. Let b(d) = -d**2 + 11*d - 12. Is b(t) a multiple of 5?
False
Let t = -53 + 79. Does 26 divide t?
True
Suppose 3*j - 2*j = -3*o + 110, -2*j = -5*o - 198. Is 26 a factor of j?
True
Let c = -16 + 26. Suppose 2*z = -c + 40. Is z a multiple of 15?
True
Suppose i + i - 60 = n, -2*n = -3*i + 90. Is 5 a factor of i?
True
Suppose -2*c + 28 = -80. Does 27 divide c?
True
Suppose -2*d = r - 50, -d + 214 = 5*r - 0*d. Let n be 1 + 2 + r - -3. Suppose 0 = -y + k - 9 + 30, 3*y + 2*k - n = 0. Is y a multiple of 10?
False
Suppose 162 = 11*j - 1213. Is j a multiple of 17?
False
Suppose -8*o + 10*o - 46 = 0. Is o a multiple of 18?
False
Let w be (1 + 0)/(10/10). Suppose -w = m - 20. Is m a multiple of 6?
False
Let x(c) = -9*c**2 - 3*c - 5*c**3 + c**2 + 6 + 3*c**3 + c**3. Does 10 divide x(-8)?
True
Let y be 28*-7*3/3. Is 6 a factor of y/(-16) - 1/4?
True
Is 2/9 - (-1047)/27 a multiple of 13?
True
Let x be -1*2/(2/(-3)). Let g = -10 + 48. Suppose -x*u - 4*i + g = 0, 2*u - 12 = 2*i + 2*i. Is 10 a factor of u?
True
Let a(s) = -s**2 + s - 1. Suppose 4 = -4*q - 4. Let m(g) = -g**2 - 2*g + 2. Let p(r) = q*a(r) + m(r). Does 4 divide p(4)?
True
Let m = 88 + -52. Let u = m - 20. Does 16 divide u?
True
Let p(j) = j**3 + 6*j**2 + j - 4. Let i be 38/(-14) + 18/(-63). Is p(i) a multiple of 20?
True
Let b = 6 - 4. Let w(u) = -u**2 + 6*u - 3. Let h be w(5). Suppose -7*a + h*a = 2*r - 24, 0 = b*r + 2*a - 36. Is 11 a factor of r?
True
Suppose 3*s - 2*z = 182, -4*s + 146 + 70 = 4*z. Suppose s = 4*f - 82. Is f a multiple of 10?
False
Suppose -14 - 74 = -4*c. Does 5 divide c?
False
Let u be 18/4 + (-3)/6. Suppose -2*l + u = -0*l. Is l + (-8)/2 - -13 a multiple of 11?
True
Let x = -7 + 11. Let h(z) = -x*z**2 + 5*z**2 + 0*z**2 + 2*z. Is 7 a factor of h(2)?
False
Let t(c) = c**2 + 6*c - 10. Let k be t(-10). Suppose 7*l - k = 4*l. Does 5 divide l?
True
Let s(j) = -7*j**2 - 8*j. Let o(f) = -6*f**2 - 7*f. Let n(p) = -5*o(p) + 4*s(p). Suppose 12 = -v - 3*v. Is 4 a factor of n(v)?
False
Suppose -203 = -7*l + 392. Is 9 a factor of l?
False
Let p(n) = n**2 - 2. Let i be p(2). Suppose -2*a - i*a - 36 = -l, 3*l - 108 = -3*a. Suppose r + r + 2*s - l = 0, 2*s - 53 = -3*r. Is 8 a factor of r?
False
Let j(y) be the second derivative of y**4/6 + y**3/3 + y**2/2 + 3*y. Is 4 a factor of j(-2)?
False
Let t(p) = 13*p**2. Let q be t(-1). Suppose 0 = -d + 31 - q. Does 18 divide d?
True
Let l(r) = -r**2 - 2*r + 3. Is 3 a factor of l(-2)?
True
Let v(p) = p**3 + 4*p**2 + 2*p + 2. Let i be v(-4). Is (-2 + i)*(-18)/8 a multiple of 11?
False
Let o = -239 + 483. Is 18 a factor of o?
False
Let u = -84 - -124. Let i = u + -22. Does 6 divide i?
True
Let p(s) = 3*s**2 - 5*s + 11. Does 3 divide p(3)?
False
Let p(c) = 2*c**3 - c**2 + 2*c - 1. Let a be p(1). Let q(b) = -b. Let i(r) = -3*r + 1. Let v(k) = a*i(k) - 7*q(k). Does 6 divide v(10)?
True
Let f(m) = -5*m - 6. Let z be f(-8). Is (z/3)/((-2)/(-3)) a multiple of 17?
True
Suppose 0 = 2*t - 3*z - 20, -2*t - 12 = -t + 4*z. Does 2 divide 2 - (t + 0) - -7?
False
Suppose 5*h - 5*s - 135 = 0, h = -4*h - 3*s + 135. Does 9 divide h?
True
Suppose 3*l - 11 = -2. Suppose x = 3*s - 13, 2*x + 0*x + 8 = 0. Let y = s + l. Does 3 divide y?
True
Suppose -5*j + 114 = p, -j + 29 = p + 3. Suppose -3*k - 2*c = -1 + 2, -4*k + 2*c + j = 0. Is 3 a factor of k?
True
Suppose -4*w + 190 = w. Suppose -2*m - 3*n + w = 0, 7*n - 2*n = -2*m + 42. Suppose 12 = 5*y + 2*k, -5*y + 3*k - 4*k = -m. Is y even?
True
Let s(j) = -j**3 + 6*j**2 + 8*j - 5. Let n(u) = u**2 - u + 1. Let w be n(-2). Let q be s(w). Is 7 - (q + -1)/1 even?
True
Let y(o) be the third derivative of -o**6/120 - 7*o**5/60 - o**4/6 - 3*o**3/2 - 4*o**2. Does 19 divide y(-7)?
Tru